 = -0*x. Suppose x = 2*v + 2*o, 2*v - 11 - 34 = -5*o. List the prime factors of v.
2, 3, 5
Suppose 4*o + 1 = -c, -c = 4*c - 5*o - 20. Suppose -c = 4*n - 11. What are the prime factors of n - -31 - (-2)/(-1)?
31
Let r(c) = 4 - 8 + 6 + 1 + 101*c. List the prime factors of r(1).
2, 13
Let c be (20 - 5)/(1 + 0). Suppose -3*x + 11 = -p + 36, -x = -p + c. List the prime factors of (8/p)/((-10)/(-125)).
2, 5
Suppose 35*v - 79*v = -6424. What are the prime factors of v?
2, 73
Suppose -7*k = -k - 6. What are the prime factors of k/1 + -6 + 58?
53
Let h be 30 + 9/(4 + -1). Let z be 6/h + (-1842)/(-33). Suppose z = p + 13. List the prime factors of p.
43
Suppose 5*a = -l + 54, 0 = -15*l + 13*l - 2*a + 68. What are the prime factors of l?
29
Suppose 2*s = 76 - 0. Let n be 2 + 1/(2/s). Suppose -3*f + 21 = -3*o, -4*f - 5*o + 7 + n = 0. What are the prime factors of f?
7
Let q = 21 + -15. Let y(j) = -j**2 - 4*j + 3. Let l be y(-4). What are the prime factors of (q*2)/(-2 + l)?
2, 3
Let z(u) = 8 + 7*u - 4*u**2 - u + 0*u**2 - 2*u - u**3. List the prime factors of z(-6).
2, 7
Let k = 7 - -27. Suppose 0 = r - 2*n - 33, 2*r - k - 30 = 2*n. What are the prime factors of r?
31
Suppose 8*t = -0*t + 14704. List the prime factors of t.
2, 919
Suppose 12 = -3*m, 32 = 5*w - 5*m - 48. Suppose -4*y - w = -2*h - 2, -2*y = 5*h - 13. Let l = 10 - y. List the prime factors of l.
11
Suppose 2*w - 73 = -g, -3*w = -2*g + 5 + 162. Let m = 136 - g. List the prime factors of m.
3, 19
Suppose l + 6 - 100 = 0. What are the prime factors of 15/(-5) + l + -5?
2, 43
Let h(p) be the second derivative of p**4/12 - p**3/3 - 5*p**2/2 + 6*p. List the prime factors of h(-9).
2, 47
Let v(h) = -h**3 - h**2 + 3*h + 4. Let s be v(-2). What are the prime factors of -2*(132/(-8) - (0 - s))?
29
Let x(i) = 22*i**3 - 2*i - 1. Suppose 5*s + 1 + 4 = 0. Let n be x(s). What are the prime factors of (n + -3)*(-2)/6?
2
Let a(t) = t**2. Let y(u) = -12*u**2 - u + 5. Let h(b) = -5*a(b) - y(b). List the prime factors of h(-6).
241
Suppose 2*w - 32 = -2*w. Let k(u) = u**2 - 6*u + 5. Let c be k(w). What are the prime factors of (92/6)/(14/c)?
23
Let t = -129 + 217. Let y = t - -234. List the prime factors of y.
2, 7, 23
List the prime factors of (2*7 + 2)/((-64)/(-640)).
2, 5
Suppose -25*j + 2*u - 1501 = -30*j, 4*j - 1200 = -2*u. What are the prime factors of j?
7, 43
Let b be -3 - ((-6 - 2) + 0). Suppose 9*z - b - 13 = 0. List the prime factors of z.
2
Let w be (-2 - -11)/(2/6). Suppose t + 0*t - w = 0. What are the prime factors of t?
3
Let j = 207 + -321. Let q = j - -182. What are the prime factors of q?
2, 17
Let q(w) = 3*w. Let d = -19 + 20. Let g be q(d). Suppose 99 = k + 4*k - 2*f, 2*f + 61 = g*k. What are the prime factors of k?
19
Let i(o) = -o**3 + 23*o**2 - 38*o + 30. What are the prime factors of i(21)?
2, 3, 19
Let y(r) = 121*r + 1303. List the prime factors of y(11).
2, 3, 439
Let b(n) = -3*n + 40. Let l be b(16). What are the prime factors of (-16 - -4)*(-3 - l/(-6))?
2, 13
Let m = 80 - 76. Suppose 0*t + 4*t = m*y - 436, 0 = y - 2*t - 111. What are the prime factors of y?
107
Let h = -45 + 774. List the prime factors of h.
3
Let a(w) = w**2 + 3*w + 11. Let x(i) = -i**2 - 3*i - 12. Let h(f) = 3*a(f) + 2*x(f). What are the prime factors of h(5)?
7
Let u = 17 - 1. Suppose -19*b + 81 = -u*b. What are the prime factors of b?
3
What are the prime factors of (516/30)/(10/1075)?
43
Let s be (-20 - -19)*1/(1/2055). What are the prime factors of (-1)/(s/513 - -4)?
3, 19
Let y(q) = 1412*q**3 - q**2 + 2*q. What are the prime factors of y(1)?
3, 157
Let z be ((-20)/6)/((-3)/(-27)). Let l = -134 + 186. Let d = z + l. List the prime factors of d.
2, 11
Suppose 144 = g + p, 4*g + 0*g = p + 551. List the prime factors of g.
139
Let z = -26 + 12. Let g = 0 - z. List the prime factors of g.
2, 7
Let q = -10 - -8. List the prime factors of 5/(5/q) - -102.
2, 5
Suppose 4*g = 5*m + 1956, 24*g - 21*g + 5*m = 1467. List the prime factors of g.
3, 163
Let r = 14 - 2. Let k be (r - 8) + 39*1. Let w = -4 + k. List the prime factors of w.
3, 13
Suppose -18 = -4*b + 30. Let z(y) = -6 - y**2 - 12*y + b + 4*y + 0*y**2. What are the prime factors of z(-5)?
3, 7
Let w(d) = -d**3 + 6*d**2 + 5*d + 7. Suppose -7 = v + t, 0 = 5*v + t - 3*t + 56. Let z be (-4 + 2)/(v/25). What are the prime factors of w(z)?
3, 19
Suppose l + 2*y - 548 = 0, -4*l + 538 = -3*l - 3*y. What are the prime factors of l?
2, 17
Suppose q + 0*q - 40 = 0. Let u = -36 + 21. Let j = u + q. List the prime factors of j.
5
Let y(l) = -l**3 - 8*l**2 + 8*l + 7. Let c be y(-10). Suppose r = -2*z + c, 5*z + 12 = -13. What are the prime factors of r?
137
Let z(k) = 5*k**2 - 5*k**2 - 8 - k + 2*k**2. List the prime factors of z(-4).
2, 7
Let a(h) = 2*h**2 - 2*h + 3. Let x be a(0). Suppose 0 = x*q + 2*j - 161, -q - q = -2*j - 104. List the prime factors of q.
53
Let j = -81 + 54. Let n = 40 + j. What are the prime factors of n?
13
Let w be 12645/75 + 3/(-5) + 1. What are the prime factors of (21/(-28))/((-2)/(-8)) + w?
2, 83
Let a be 6/15 + (-546)/(-35). Suppose -a*z + 13*z + 9 = 0. List the prime factors of z.
3
Suppose 3*k - k = -3*h + 119, 3*k = -4*h + 179. Let x = -36 + k. What are the prime factors of x?
5
Let r(k) = 215*k**2 - 36*k - 130. List the prime factors of r(-4).
2, 11, 157
Suppose -9*k + 15*k = 0. Let a = 32 + -16. Suppose k*d = 2*d - a. What are the prime factors of d?
2
Let h = 480 - 102. What are the prime factors of h?
2, 3, 7
Suppose -5*k + 20 = 0, 4*o - 28 = -0*o - 4*k. Let m(x) = 12*x**2 - 5*x + 11. List the prime factors of m(o).
2, 13
Suppose -j + 5*a + 1079 - 341 = 0, -3*j = 5*a - 2194. List the prime factors of j.
733
Suppose 6734 = 25*s - 12*s. What are the prime factors of s?
2, 7, 37
List the prime factors of (-5132916)/(-2700) + 4/(-50).
1901
Suppose -8*s - 62686 = -34*s. List the prime factors of s.
2411
Suppose s - 4 = a - 0, -18 = -4*s + 5*a. Let l(q) = q**2 + 11*q + 10. Let v be l(-10). Suppose -h + v + 3 = 0, -2*h = -s*i + 10. List the prime factors of i.
2
What are the prime factors of 1 + 18 - (51 + -57)?
5
Suppose -v = -4, 12 = z - 2*v + 3*v. Let r be (-9)/(-15) + -2*3741/(-30). Suppose z*t - r = 3*t. What are the prime factors of t?
2, 5
Let h = -75 + 823. List the prime factors of h.
2, 11, 17
Let z = -358 + 653. What are the prime factors of (0 - (2 + -4)) + z?
3, 11
Suppose -4*x + 222 = -126. Suppose 0*p + p - 2*k = x, -5*k = 10. Let u = p + -42. What are the prime factors of u?
41
Suppose -4*j = -8*i + 3*i - 3027, 3*i + 1511 = 2*j. List the prime factors of j.
7, 109
Let f = -537 + 776. What are the prime factors of f?
239
Let f = -43 - -40. Let l(k) = -4*k + 2. List the prime factors of l(f).
2, 7
Suppose 3*h + 532 = -5*f + 1453, -5*f = 4*h - 1223. What are the prime factors of h?
2, 151
Suppose -6 = 2*b, 0 = 4*d - 7*d - 3*b + 1869. What are the prime factors of d?
2, 313
What are the prime factors of (574/(-4))/(16/(-32))?
7, 41
Let o(z) be the first derivative of 4 - 5*z**2 - 5*z + 10*z**2 - 7. What are the prime factors of o(2)?
3, 5
Let a(y) = 11*y**2 + 4*y - 33. What are the prime factors of a(6)?
3, 43
Let n = 202 + 27. Suppose -n = -4*d + 507. Suppose 3*z = -z + d. What are the prime factors of z?
2, 23
List the prime factors of (-28)/49*(-1526)/4.
2, 109
Let t = -16 - -19. Let q(h) = 3*h**2 + 2*h - 1. List the prime factors of q(t).
2
Let f(o) = -o**2 + o + 2. Let w be f(0). Let z = -136 - -212. Suppose z = 5*t - 2*q, 3*t - 6*t + w*q = -48. What are the prime factors of t?
2, 7
Let w(s) = -s**3 + 15*s**2 - 4*s + 20. Let l be w(15). What are the prime factors of ((-44)/(-10))/(5 - (-196)/l)?
2, 11
Suppose 3*q + 4*k + 332 = 0, -3*q + 3*k - 8*k = 331. What are the prime factors of 10/(4*(-2)/q) + -3?
137
Let j(u) = 7*u**3 - 8*u**2 - 2*u + 9. What are the prime factors of j(5)?
2, 337
Suppose 2*w - 26 + 8 = 0. Let y(m) = -13*m**2 - 2*m**2 + 8*m**2 - m + w*m**2. List the prime factors of y(2).
2, 3
Suppose -o + 43 = -3*n, 8 + 2 = 2*n. Let t = -24 + o. List the prime factors of t.
2, 17
Suppose 3*x = -1 - 101. List the prime factors of (2 + x/(-3))*3.
2, 5
Suppose a = 2*x + 96, -a + 47 = x - 2*x. List the prime factors of (-2128)/x - (-3)/(-7).
43
Let j(p) = 1588*p**2 + 3*p - 4. List the prime factors of j(1).
3, 23
Let d(t)